ndreds digit of 9385?
3
What is the thousands digit of 64414?
4
What is the hundreds digit of 29221?
2
What is the tens digit of 6472?
7
What is the units digit of 43256?
6
What is the tens digit of 27021?
2
What is the tens digit of 808?
0
What is the hundreds digit of 820?
8
What is the units digit of 1322?
2
What is the units digit of 262?
2
What is the tens digit of 47583?
8
What is the units digit of 262?
2
What is the units digit of 1210?
0
What is the units digit of 1660?
0
What is the tens digit of 1167?
6
What is the ten thousands digit of 15618?
1
What is the ten thousands digit of 21932?
2
What is the thousands digit of 135724?
5
What is the thousands digit of 1401?
1
What is the units digit of 4515?
5
What is the units digit of 2908?
8
What is the units digit of 253?
3
What is the units digit of 2802?
2
What is the tens digit of 2624?
2
What is the ten thousands digit of 17093?
1
What is the tens digit of 10298?
9
What is the tens digit of 891?
9
What is the ten thousands digit of 26604?
2
What is the units digit of 28079?
9
What is the ten thousands digit of 19717?
1
What is the units digit of 1768?
8
What is the thousands digit of 15730?
5
What is the ten thousands digit of 31633?
3
What is the hundreds digit of 209?
2
What is the units digit of 97657?
7
What is the thousands digit of 21359?
1
What is the ten thousands digit of 11170?
1
What is the hundreds digit of 18254?
2
What is the thousands digit of 7709?
7
What is the hundreds digit of 17371?
3
What is the hundreds digit of 182?
1
What is the tens digit of 238?
3
What is the hundreds digit of 72545?
5
What is the units digit of 9766?
6
What is the hundreds digit of 1091?
0
What is the hundreds digit of 605?
6
What is the thousands digit of 2510?
2
What is the hundreds digit of 22676?
6
What is the thousands digit of 1045?
1
What is the thousands digit of 2322?
2
What is the hundreds digit of 15173?
1
What is the tens digit of 46084?
8
What is the tens digit of 2380?
8
What is the thousands digit of 19732?
9
What is the units digit of 181?
1
What is the hundreds digit of 95753?
7
What is the ten thousands digit of 73331?
7
What is the units digit of 3510?
0
What is the units digit of 11312?
2
What is the tens digit of 35072?
7
What is the units digit of 1819?
9
What is the units digit of 15123?
3
What is the ten thousands digit of 83807?
8
What is the hundreds digit of 7304?
3
What is the units digit of 7?
7
What is the thousands digit of 1861?
1
What is the tens digit of 42633?
3
What is the units digit of 8397?
7
What is the tens digit of 20595?
9
What is the units digit of 2037?
7
What is the ten thousands digit of 38822?
3
What is the tens digit of 1092?
9
What is the hundreds digit of 27671?
6
What is the units digit of 18637?
7
What is the hundreds digit of 31259?
2
What is the hundreds digit of 1242?
2
What is the tens digit of 11929?
2
What is the thousands digit of 1741?
1
What is the thousands digit of 1231?
1
What is the units digit of 4319?
9
What is the ten thousands digit of 39327?
3
What is the ten thousands digit of 10948?
1
What is the tens digit of 1008?
0
What is the units digit of 10578?
8
What is the tens digit of 27897?
9
What is the tens digit of 3307?
0
What is the units digit of 25336?
6
What is the ten thousands digit of 10453?
1
What is the tens digit of 848?
4
What is the hundreds digit of 4036?
0
What is the hundreds digit of 55703?
7
What is the thousands digit of 114400?
4
What is the units digit of 8510?
0
What is the hundreds digit of 7568?
5
What is the ten thousands digit of 112202?
1
What is the units digit of 5149?
9
What is the units digit of 2986?
6
What is the units digit of 5156?
6
What is the units digit of 122318?
8
What is the units digit of 56169?
9
What is the units digit of 916?
6
What is the tens digit of 973?
7
What is the hundreds digit of 9564?
5
What is the units digit of 974?
4
What is the units digit of 9770?
0
What is the units digit of 152764?
4
What is the units digit of 17268?
8
What is the hundreds digit of 99220?
2
What is the thousands digit of 3517?
3
What is the thousands digit of 7254?
7
What is the hundreds digit of 959?
9
What is the units digit of 27401?
1
What is the tens digit of 701?
0
What is the units digit of 340?
0
What is the hundreds digit of 3071?
0
What is the units digit of 1665?
5
What is the tens digit of 2817?
1
What is the hundreds digit of 756?
7
What is the ten thousands digit of 16647?
1
What is the tens digit of 9595?
9
What is the hundreds digit of 73522?
5
What is the thousands digit of 2875?
2
What is the hundreds digit of 3358?
3
What is the tens digit of 10631?
3
What is the units digit of 37409?
9
What is the hundreds digit of 2107?
1
What is the hundreds digit of 5581?
5
What is the tens digit of 9928?
2
What is the tens digit of 3206?
0
What is the units digit of 5904?
4
What is the hundreds digit of 2193?
1
What is the hundreds digit of 903?
9
What is the thousands digit of 15310?
5
What is the hundreds digit of 603?
6
What is the hundreds digit of 46354?
3
What is the tens digit of 751?
5
What is the thousands digit of 4956?
4
What is the units digit of 118?
8
What is the ten thousands digit of 46621?
4
What is the thousands digit of 1067?
1
What is the hundreds digit of 34064?
0
What is the thousands digit of 5799?
5
What is the hundreds digit of 5848?
8
What is the ten thousands digit of 30526?
3
What is the units digit of 851?
1
What is the tens digit of 6734?
3
What is the hundreds digit of 15387?
3
What is the thousands digit of 68096?
8
What is the hundreds digit of 2280?
2
What is the hundreds digit of 9610?
6
What is the thousands digit of 1907?
1
What is the thousands digit of 8123?
8
What is the tens digit of 324?
2
What is the thousands digit of 4946?
4
What is the hundreds digit of 3664?
6
What is the thousands digit of 116389?
6
What is the thousands digit of 1979?
1
What is the tens digit of 35674?
7
What is the thousands digit of 21185?
1
What is the tens digit of 1153?
5
What is the ten thousands digit of 12280?
1
What is the hundreds digit of 8855?
8
What is the units digit of 2088?
8
What is the tens digit of 2042?
4
What is the thousands digit of 3157?
3
What is the hundreds digit of 7109?
1
What is the hundreds digit of 2866?
8
What is the hundreds digit of 127430?
4
What is the thousands digit of 7404?
7
What is the units digit of 26200?
0
What is the units digit of 2515?
5
What is the hundreds digit of 20118?
1
What is the units digit of 1127?
7
What is the hundreds digit of 114016?
0
What is the units digit of 114?
4
What is the hundreds digit of 5787?
7
What is the tens digit of 722?
2
What is the units digit of 5101?
1
What is the tens digit of 155?
5
What is the units digit of 162736?
6
What is the units digit of 23403?
3
What is the hundreds digit of 3350?
3
What is the tens digit of 843?
4
What is the tens digit of 1560?
6
What is the hundreds digit of 60169?
1
What is the tens digit of 1327?
2
What is the units digit of 981?
1
What is the units digit of 11454?
4
What is the hundreds digit of 5215?
2
What is the units digit of 1062?
2
What is the hundreds digit of 22277?
2
What is the tens digit of 4342?
4
What is the units digit of 30971?
1
What is the hundreds digit of 8698?
6
What is the hundred thousands digit of 123843?
1
What is the units digit of 35926?
6
What is the units digit of 4671?
1
What is the tens digit of 418?
1
What is the hundreds digit of 1529?
5
What is the hundreds digit of 8229?
2
What is the hundreds digit of 2402?
4
What is the tens digit of 2719?
1
What is the thousands digit of 1532?
1
What is the tens digit of 264?
6
What is the units digit of 6196?
6
What is the units digit of 51048?
8
What is the units digit of 3839?
9
What is the units digit of 1094?
4
What is the hundreds digit of 121577?
5
What is the units digit of 62836?
6
What is the ten thousands digit of 22557?
2
What is the thousands digit of 6893?
6
What is the tens digit of 877?
7
What is the thousands digit of 8674?
8
What is the tens digit of 2832?
3
What is the units digit of 1219?
9
What is the thousands digit of 87456?
7
What is the units digit of 966?
6
What is the ten thousands digit of 29656?
2
What is the thousands digit of 171371?
1
What is the h